Suppose -187 = -2*z - w, 0 = 6*z - z - w - i. What are the prime factors of z?
2, 47
Suppose 5*b = u + 9, -4*b + u + 5 = -2*u. Suppose -3*a + 82 + b = 0. What are the prime factors of a?
2, 7
Suppose -c = c - 8, 4*c = 5*u - 199. Suppose 0 = -u*h + 45*h - 80. List the prime factors of h.
2, 5
List the prime factors of (346/(-10) + (5 - 2))*-10.
2, 79
Let u = 1833 + -728. List the prime factors of u.
5, 13, 17
Suppose 100*o - 11806 - 421594 = 0. List the prime factors of o.
2, 11, 197
Let n = -9 + 11. What are the prime factors of n/((-210)/55 + 4)?
11
Suppose 0 = -2*b - 2*s + 242, 3*s + 6 = -9. What are the prime factors of b?
2, 3, 7
Suppose -73752 = -30*o + 2*o. What are the prime factors of o?
2, 3, 439
Let p(z) be the first derivative of -z**4/4 - 7*z**3/3 - z**2 - 10*z - 5. Let c be p(-7). Suppose 4 - 48 = -c*t. List the prime factors of t.
11
Suppose 20*t + 44 = 24*t. Let o(p) = p**2 - 6*p - 24. List the prime factors of o(t).
31
What are the prime factors of (-850)/(-14) + -1*4/(-14)?
61
Let o(n) = -n**3 - 4*n**2 - 2*n - 3. Let a be o(-4). Suppose -a*q + 159 = -101. What are the prime factors of q?
2, 13
Let k(u) = 5*u + 6. Let z be k(6). Suppose -3*r + 27 = 5*t + 70, z = -4*r + 4*t. List the prime factors of (-4)/(-8)*6 - r.
2, 7
What are the prime factors of 12/(-20) + 8765/25?
2, 5, 7
Suppose -1800 = -5*p + 325. List the prime factors of p.
5, 17
Suppose 4*u = 5*t + 4, -t - 1 = -2*u + 1. Suppose l + 45 = q - 4*l, t = -5*l - 20. Suppose 3*i + q = d + 7*i, 3 = 3*i. List the prime factors of d.
3, 7
Let k be -7*(1 - 3/21). Let v = 8 + k. Suppose -v*i + 5*i - 69 = 0. What are the prime factors of i?
23
Suppose -2*j - j + 30 = 0. Let w = -10 + j. Suppose -l + 5*l - 104 = w. What are the prime factors of l?
2, 13
Suppose h = -0*h - 3. List the prime factors of (44 - 1)*2 - h.
89
Suppose -31 = -4*z + 9. List the prime factors of 706/z - (-2)/5.
71
Let k(r) = 30*r**3 + 4*r**2 - 3*r + 5. List the prime factors of k(2).
3, 5, 17
Let z be -2 - -4*(-15)/(-10). Suppose 0*r + 168 = 3*c - r, 0 = c - z*r - 45. List the prime factors of c.
3, 19
Suppose -4*d = 9 - 9. Suppose -345 = -y - 2*y + 3*v, d = 5*y - 3*v - 583. What are the prime factors of y?
7, 17
Suppose -2*u - 49*r + 3486 = -44*r, -3*u = -r - 5195. What are the prime factors of u?
1733
Let z(u) = -3*u**3 + 51*u**2 + 19*u - 23. Let g(n) = -5*n**3 + 76*n**2 + 29*n - 35. Let v(c) = 5*g(c) - 8*z(c). What are the prime factors of v(-28)?
5, 41
Suppose 0 = -23*y + 269 - 16. Let j(p) = 2*p**2 + 5*p - 30. Let o(h) = h**2 + 6*h - 29. Let w(l) = 2*j(l) - 3*o(l). List the prime factors of w(y).
2, 3, 5
Suppose 6*w = -382 - 506. Let b = w - -208. What are the prime factors of b?
2, 3, 5
Let o(g) = 9*g + 4019. List the prime factors of o(0).
4019
Let t = 4 + -6. Let a = 1 - t. Let j(s) = s**3 - 2*s**2 + 3*s - 4. List the prime factors of j(a).
2, 7
Let n = -36 + 66. Suppose -2*c + n = c. List the prime factors of 6/c - 108/(-45).
3
Let s = -14 - -26. Suppose 3*x = l - s, 0*x + x = 4*l - 37. List the prime factors of l.
3
Let w = -18 - -20. Let g be ((-156)/2)/((-6)/20). Suppose -3*x + g = w*x. What are the prime factors of x?
2, 13
Suppose -9*x + 2*x + 35 = 0. Suppose n + 4*t - 47 = 2*t, 0 = -x*n + 3*t + 287. What are the prime factors of n?
5, 11
Let j(s) = s**3 - 16*s**2 + 29*s - 16. Let a be j(14). What are the prime factors of 40/22 + a - 497/(-11)?
3, 5
Let r = -7 + 11. Suppose -136 = r*m - 4. Let s = 6 - m. What are the prime factors of s?
3, 13
Let y be 2/(3 + (0 - 2)). What are the prime factors of 977/13 - (y - (-48)/(-26))?
3, 5
Let m(j) = 33*j + 47. List the prime factors of m(13).
2, 7, 17
Let m be ((-58)/3)/(2/9). What are the prime factors of (3973/m)/(2/(-6))?
137
Let s(y) = 19*y**2 - 1. Suppose 2*a - 3*z = -7, 0 = -3*a - 3*z + 4*z. Let v be a/(-2) - 2/4. List the prime factors of s(v).
2, 3
Let h(d) = 8*d + 4. Suppose 4*y - 5*b + 7 = 0, 4 = -y + 3*b - 3. Let v be (-40)/(-30)*3/y. What are the prime factors of h(v)?
2, 5
Suppose 211 = 5*i + 31. Suppose -3*w - w + i = 0. List the prime factors of (-26)/(-3) - 6/w.
2
Suppose -3*u + 5 = b, 2*u - 14 = -2*b + 4*b. Let l be (-45)/(-18)*b/5. What are the prime factors of (9 - 7)/(l/(-43))?
43
Let x be -1*(-1 - -2) + -11. Let q be x/(((-63)/6)/7). Let l = 10 - q. List the prime factors of l.
2
Let o(l) be the second derivative of -13*l**3/6 - 12*l**2 + 28*l. List the prime factors of o(-6).
2, 3
Suppose 7*l - 5*l = 50. Suppose q - 7*g + 2*g - l = 0, -3*q - 5*g + 95 = 0. Suppose q = -w + 4*w. List the prime factors of w.
2, 5
Let h = -256 - -339. Suppose -g = 4*g - 165. Let f = h - g. What are the prime factors of f?
2, 5
Let q be (-1)/((14/4)/(-7)). Let w(g) = 8*g - 5*g - q*g. List the prime factors of w(9).
3
Suppose 4*l - 3*j - 35 = 0, -4*l = -6*l + 4*j + 30. Suppose -2*b = l*v - 196, -210 = -5*v + 3*b + 2*b. What are the prime factors of v?
2, 5
Suppose 156 = 8*x - 2*x. Let d = x - 24. Suppose -d*z - 4*z = -294. List the prime factors of z.
7
Let x = 26 + -13. Let q(z) = -17*z + 5. Let o be q(x). List the prime factors of (o/(-45))/(6/20).
2
Let b be (2 + -3)/((-8)/216). Suppose b = n - 16. List the prime factors of n.
43
Suppose -103 = -4*c - 3*n, -4*n = 5*c - 8*n - 90. Let w(u) = u - 2. Let p be w(6). List the prime factors of 4499/121 - p/c.
37
Let q = 3189 + -1372. What are the prime factors of q?
23, 79
Let w(v) = v**2 + 2*v - 2. Let p be w(-4). Let n = -15 - p. Let x = -6 - n. List the prime factors of x.
3, 5
List the prime factors of (-3619)/(-35) - ((-168)/30 + 6).
103
Let h(x) = -x**3 - 3*x**2 - 3*x. Let d be h(-2). Suppose 9*l = 639 + 45. Suppose 3*o = -4*w + l, -48 = -d*o - 3*w - w. List the prime factors of o.
2, 7
Let p(f) = 16*f**2 + 2*f. Let d be p(2). Let y = 159 - d. Suppose -y - 161 = -4*v. List the prime factors of v.
3, 7
Let r be ((-5)/(-2))/(5/10). Suppose -r*m = -m + 12. Let k(o) = -3*o. What are the prime factors of k(m)?
3
Let f be (-1 - (-1 + -1))*(7 + -32). List the prime factors of (-9*f/(-5))/((-2)/6).
3, 5
Let y = 37 - 33. Suppose y*r - 45 = 31. List the prime factors of r.
19
Let t(p) be the first derivative of 2*p**3 + 3*p**2/2 + 3*p - 4. Let u be t(-2). Let x = -5 + u. List the prime factors of x.
2
Let g(b) = 12 + 0*b + 5*b - b. What are the prime factors of g(10)?
2, 13
Let t(s) = -s**2 - 5*s - 1. Let b(y) = -5*y**2 + y + 2. Let m be b(-1). Let n(v) = -v. Let x(l) = m*n(l) - t(l). List the prime factors of x(-13).
53
Suppose -27*o - 8976 = -44*o. List the prime factors of o.
2, 3, 11
Suppose 3961 = 28*y - 11*y. List the prime factors of y.
233
Let z = -66 + 106. Suppose -s - 3*s + z = 0. Suppose 3*t + s*y - 86 = 5*y, -64 = -2*t - 5*y. List the prime factors of t.
2, 11
Let a(l) = -16*l**3 + 8*l**2 + 13*l. What are the prime factors of a(-4)?
2, 5, 11
Suppose 0 = -y - y + 382. Suppose 4*f = -x + 47 - 13, 5*x - f = y. Suppose 3*s = -11 + x. What are the prime factors of s?
3
Suppose -26*u + 54 = -20*u. What are the prime factors of (u/(-21))/(3/(-21)) + 268?
271
Let i = 102 - -190. Suppose 2*q + 2*q - i = 0. Let y = q + -34. What are the prime factors of y?
3, 13
Suppose -38 = -11*z - 104. What are the prime factors of (-6)/(-2) + z - -16 - -1?
2, 7
Let s be 738/12*(-4)/3. Let f = 203 + s. What are the prime factors of f?
11
Suppose -370 + 124 = -6*c. What are the prime factors of c?
41
Suppose 3*v = -15, 5*v = 4*w - 21712 + 4283. What are the prime factors of w?
19, 229
Let d be (0 - -2) + 7 + -5. Suppose -d*k + 3 + 3 = -5*l, 0 = -2*l + 5*k - 16. Suppose 2*r - 16 = -2*j, -r = 5*j - 2 - l. List the prime factors of r.
3
Let r be 1/(-1 - (-10)/8). Let g(c) = -74*c**2 - 4 + 0 + 76*c**2. List the prime factors of g(r).
2, 7
Let s(u) = -3*u**2 - 8*u + 8. Let l be s(-7). Suppose 164*p - 162*p = 234. Let y = l + p. List the prime factors of y.
2, 17
Suppose -44976 = -52*z + 68644. What are the prime factors of z?
5, 19, 23
Suppose 130 = 3*w - 68. Let b = w - 16. Suppose -5*x = -3*x - b. List the prime factors of x.
5
Let z = 42 + -17. Let t be (0*1/(-3))/(-3). Suppose t = 2*w - v - z, 4*w + 8 = 5*w - 5*v. List the prime factors of w.
13
Suppose -17*s + 10087 = -7015. List the prime factors of s.
2, 503
Suppose -4*o + 11 = -g, -2*o - o + 3*g - 3 = 0. Suppose -4*p + 242 = 2*h, o*h + 149 = 3*p - h. What are the pr